 17*u + 53. Let a(w) = -5*d(w) - 3*x(w). What is a(7)?
-65
Let o be 32/(-64) - 11/(-2). Suppose 5*v - z - 50 = 4*z, -o*v = 3*z - 42. Let b(c) = -2*c + 13. Calculate b(v).
-5
Suppose -156 = -3*u + 309. Let c = 149 - u. Let w(n) = n**3 + 6*n**2 + 3*n + 4. What is w(c)?
-14
Let q(b) = b**2 - b + 1. Let r(v) = -3*v - 8 - 5*v**2 - 5*v + 1 + 5*v. Let z(x) = -6*q(x) - r(x). What is z(8)?
9
Let z(r) be the first derivative of -r**4/4 - 2*r**3 + r**2 + 1. Let y be 8*(-6)/(-21) + (-2)/7. Suppose y*q - 25 = -3*q, q = x + 11. Calculate z(x).
-12
Let w(s) = s**2 - 3*s + 3. Let d(q) = q**3 + 4*q**2 - 4*q - 2. Let f be d(-4). Suppose -57 = -0*v - 3*v. Let r = v - f. What is w(r)?
13
Let w = 118 + -114. Let x(b) = -12*b + w - b**2 + 4*b + 3 + b. Let j(i) = -i**2 + i + 4. Let z be j(4). Calculate x(z).
-1
Let n(i) = 10*i**2 - 18*i - 32. Let g(b) = -3*b**2 + 6*b + 10. Let a(v) = -7*g(v) - 2*n(v). Let r(p) = p**2 + 12*p + 18. Let h be r(-11). Calculate a(h).
1
Let m(t) = 3*t + 11. Let w be (2077/186 - 10)/((10/12)/(-5)). What is m(w)?
-10
Suppose 3*o = 5*o + 5*x - 9, o - 5*x = -3. Let k(y) = -8*y - y**3 - 4 - 45*y**2 + 3*y + 52*y**o. Determine k(5).
21
Suppose -92*a = -15*a. Let d(z) be the third derivative of -1/8*z**4 + 0*z + 11*z**2 + 1/120*z**6 + 1/15*z**5 + a + z**3. Calculate d(-5).
-4
Suppose -4 - 1 = -o. Let f(a) be the first derivative of 3*a**2 - 9*a - 11. Let n(t) = -14*t + 19. Let y(h) = -5*f(h) - 2*n(h). What is y(o)?
-3
Let u be 330/54 - (-136)/153. Let k(j) = -8*j + 17. Determine k(u).
-39
Let p(x) = -x**3 - 37*x**2 - 37*x - 32. Let r be p(-36). Let z(b) = 9*b - 3*b - r*b + 3*b. What is z(-6)?
-30
Let w(m) = -m**2 + 5*m - 2. Let v(q) = -2*q**2 - 11*q + 153. Let l(b) = -v(b) + 3*w(b). Give l(15).
6
Let t(x) be the third derivative of 1/10*x**5 - 127*x**2 + 1/6*x**3 + 0 - 1/120*x**6 - 1/24*x**4 + 0*x. What is t(6)?
-5
Suppose -c = 2*g - 8, 7*g - 3*g = -3*c + 14. Suppose g*u - 136 = -4*y + u, -4*u = -16. Let i = 23 - y. Let s(d) = -2*d - 8. Determine s(i).
6
Let a(i) = i + 3. Let k be 7 + (1 - (0 + 3)). Suppose -2*q = -3*b + 3, -2*q - 6 = -k*b + q. Let c = -7 + b. Give a(c).
-1
Let l(m) = 2*m**2 - 17*m + 9. Let h be (2 + 1)*180/108. Let g(n) = 3*n**2 - 32*n + 20. Let a(w) = h*l(w) - 3*g(w). Determine a(-13).
11
Let t(a) be the first derivative of a**3 + 3*a**2/2 + 5*a - 14286. Give t(4).
65
Let r(v) be the first derivative of v**3/3 - 2*v**2 + v + 1. Let n be (-5)/(-2)*20/50. Let k be (-3)/(-9)*15*n. Determine r(k).
6
Let t(q) = 2*q**3 + q - 1. Let h be 1 + 2/(-6) + 1384/(-24). Let d = -168 + 113. Let g = h - d. Give t(g).
-19
Let r be (-56)/((-56)/4) - -17. Let a(j) = -j**2 + 17*j + 89. Give a(r).
5
Let y(s) be the second derivative of -s**5/20 + s**4/4 + s**3/2 + s**2 - s. Let q = 2 + -1. Let u be -12*(q/2)/((-108)/72). Determine y(u).
-2
Let z(i) = 4*i**2 - 21*i + 9. Suppose -u = -4 - 1. Let p be z(u). Let a(c) = p + 4 + 2*c**3 + 3*c**2 - 7 - 3*c**3. Calculate a(3).
1
Let t(k) be the first derivative of k**6/120 + k**5/12 - 3*k**4/8 - 4*k**3/3 - k**2 + k - 44. Let a(n) be the second derivative of t(n). Determine a(-6).
10
Let s(r) = -r**2 + 6*r + 9. Suppose -3*b = -15, 2*g - 3*g = 5*b - 38. Suppose d - t = 25, 54 + g = 3*d + t. Let k = d + -15. Determine s(k).
-7
Suppose -q - 3*q + 4 = 0. Let h(a) = -q + a**3 + 5 - a**2 + 0 + 6*a**2. Let t = 27 + -32. Give h(t).
4
Let c(p) = p - 11. Let x = 45 - 51. Let k be 2/x + (160/6)/(-4). Let h(y) = 5. Let o(g) = k*h(g) - 3*c(g). Determine o(-3).
7
Let k(m) = -m**2 + 2*m + 73. Let q(f) = 72*f + 3240. Let u be q(-45). Determine k(u).
73
Let w(n) = -n**2 - 12*n + 18. Let g(f) = f**2 - 42*f + 77. Let r be g(41). Let o be 1/((r/117)/(-4)). Give w(o).
5
Let m(k) = 99*k**2 - 3*k - 4. Let x(q) = q**2 - 284*q - 3246. Let u be x(-11). What is m(u)?
98
Let f(v) = 20533 - v**2 + v**3 - 10246 - 10271 + 8*v**2 + 2*v**2 - 52*v. What is f(-13)?
16
Suppose -190*r + 303*r = 161*r + 384. Let z(n) = 10*n + 66. Determine z(r).
-14
Let i(q) be the second derivative of -q - 1/6*q**3 + 13/2*q**2 + 7. Give i(0).
13
Let u = 5984 + -5980. Let m(c) = 2*c. Calculate m(u).
8
Let f = -13 - -4. Let n be 1 - (0 + 1)/(3/f). Let y(k) = 3*k**2 - 6*k - 3. Let v(g) = -10*g**2 + 19*g + 9. Let d(p) = -2*v(p) - 7*y(p). Calculate d(n).
3
Let c(s) = 5*s**2 - s - 1. Let v(h) = -9*h**2 + 4*h - 17. Let n(t) = -2*c(t) - v(t). Determine n(5).
-16
Let b(t) be the second derivative of 13*t**3/6 + 9518*t. Give b(1).
13
Let w(b) = -4281121 - 35*b + 34*b + 4281140. Let z = 25 - 16. Let o be 2/(-9) - (-2)/z. What is w(o)?
19
Let s(w) = -9*w**2 + 5*w + 3. Suppose -19 = 44*g + 118 - 5. Determine s(g).
-93
Let f(p) be the second derivative of 3*p**3 + 314*p**2 - 14*p + 58. Determine f(-35).
-2
Let a(r) be the second derivative of r**3/3 + 5*r**2/2 + 146*r + 1. Let w(h) be the first derivative of h**3/3 - 4*h + 1. Let d be w(3). Give a(d).
15
Let g(a) = -7*a + 1 - 2 + 0*a**2 + a**2 - 3. Let v(s) = 6*s - 45. Let i(k) = 2*k - 15. Let j(l) = 17*i(l) - 6*v(l). Let z be j(4). Calculate g(z).
-4
Suppose -3*w + 3*c = -0*c - 24, -2*c = 8. Let q(i) = -3*i + 14. Let a(h) = -h. Let p(j) = w*a(j) - q(j). Let r be p(-12). Let d(s) = 6*s**2 + 2*s. Give d(r).
20
Let w(q) be the second derivative of -q**5/4 + q**4/12 - q**3/3 + q**2/2 - 1012*q. Give w(-2).
49
Let x(y) = -y**2 + y - 8. Let l(c) = -6*c**2 + 20*c + 11. Let a(u) = -l(u) + 5*x(u). What is a(18)?
3
Let s(h) = -124 + 2*h + 103 + 39 + 18 + 27. Determine s(-25).
13
Let p(o) = -10*o**2 + 2*o + 1. Let h = 241 + -237. Suppose -4*z - i = -9*z - 7, -2*z + h*i = 10. Give p(z).
-11
Suppose -4*w - 20 = -3*c, 0*c - 3*w = -3*c + 15. Suppose -13 = -8*i + 43. Let m(t) = 20*t - 2 - i - 19*t + 2. Determine m(c).
-7
Let m(v) = -v**2 + 13*v - 9. Let b = -13364 + 13375. Calculate m(b).
13
Let m(b) be the third derivative of b**6/60 - 7*b**5/30 + b**4/12 - 11*b**3/6 - 2469*b**2. What is m(6)?
-71
Let m(b) = -b**2 - 8*b + 8. Suppose 0 = -5*x + 20 - 5. Suppose g + 2*v = -75, -4*g = x*v - v + 306. Let j = g + 69. What is m(j)?
8
Let s(f) = -9*f + 19. Let m(d) = 5*d - 10. Let v(w) = 5*m(w) + 3*s(w). Suppose 445*q = 394*q + 306. What is v(q)?
-5
Let b(f) = -9*f**2 + 2*f + 1. Let i(k) = 16*k - 466. Let x be i(27). Suppose 61 = 2*s + 5*n, -2*n - 1 = 1. Let a = s + x. Calculate b(a).
-10
Let p(a) = -3*a**2 - 73*a + 152. Let n be p(2). Let o(w) = -6*w - 28. Calculate o(n).
8
Let s(y) = -123 + 47*y - 6 + 270 + 69*y - 38*y. Give s(-2).
-15
Let j = -520 - -519. Let x be (29 + -29)/(1 - j). Let t(a) = a**3 - a**2 + 18. What is t(x)?
18
Let g(l) be the second derivative of -2*l**3/3 - 7*l**2 + 8643*l. Determine g(-4).
2
Let j(p) = -p**3 - 16*p**2 + 21*p - 30. Let a = 18804 - 18821. Give j(a).
-98
Let k = 1413 + -1476. Let c(j) = 18*j + 1127. Give c(k).
-7
Let s = -13 - -13. Suppose s = 2*a - d, -2*a - a - 2 = -d. Let j(v) = 0*v + 11 + v - 5*v**2 - 13 + 2*v**2. What is j(a)?
-16
Let b(v) = 6*v**2 + 4*v + 1. Let t(l) = 11*l**2 + 13*l - 8. Let u(c) = 2*b(c) - t(c). Give u(5).
10
Let n(o) = 4708*o - 54. Let p(f) = 496*f - 6. Let v(k) = -2*n(k) + 19*p(k). Let b(a) = -a**2 + 7*a + 4. Let t be b(7). Calculate v(t).
26
Let u(b) = 1. Let l(s) = -s - 6. Suppose -3 = h - 4*h. Let k(r) = h*l(r) + 4*u(r). Suppose 3 = 4*p - p, 4*m = 4*p + 4. What is k(m)?
-4
Let m(r) be the first derivative of r**4/12 + r**3 + 7*r**2/2 + 19*r - 29. Let a(b) be the first derivative of m(b). What is a(-5)?
2
Let s(k) = -3 - 4880*k**3 - 3*k**2 + 4879*k**3 - 3*k + 0. Determine s(-3).
6
Let n(w) = -4*w + 2. Suppose 212 = 5*x - 2*h, -3*h = -0 + 3. Let l = 269 - 308. Let t = l + x. Give n(t).
-10
Let d = -5 + 9. Let k(n) = 39*n - 23. Let t(s) = -9*s + 6. Let m(z) = 2*k(z) + 9*t(z). Let y(w) = 4*w - 11. Let g(l) = 5*m(l) + 4*y(l). Calculate g(d).
0
Let q(z) be the second derivative of z**3/6 - z**2/2 - 6155*z. Let k be (-3 - 15)*2/(-4). Let g be 5/(-3) + 6/k. Determine q(g).
-2
Suppose 0 = -45*k - k - 84*k - 1040. Let r(o) = o**2 - 6*o - 23. Give r(k).
89
Suppose -4 = 10*b - 6*b. Let a = 18 - b. Let n = 14 - a. Let w(m) = -m + 1. What is w(n)?
6
Let l(x) = -5*x**3 - 28*x**2 - 20*x + 19. Let t(i) = -3*i**3 - 15*i**2 - 10*i + 9. Suppose -12*w + 15*w - 21 = 0. Let c(p) = w*t(p) - 4*l(p). Give c(8).
3
Let y(g) = 2*g**3 + 68*g**2 + 3*g + 95. Let f(k) = -17*k**2 - 41*k - 4. Let m be f(-3). Gi